{"id":1499,"date":"2024-11-29T21:10:30","date_gmt":"2024-11-29T20:10:30","guid":{"rendered":"https:\/\/zpracujdane.cz\/web\/?page_id=1499"},"modified":"2024-11-29T22:03:17","modified_gmt":"2024-11-29T21:03:17","slug":"zpracovani-mezd-a-personalistika-v-chomutove","status":"publish","type":"page","link":"https:\/\/zpracujdane.cz\/web\/zpracovani-mezd-a-personalistika-v-chomutove\/","title":{"rendered":"Zpracov\u00e1n\u00ed mezd a personalistika v&nbsp;Chomutov\u011b"},"content":{"rendered":"\t\t<div data-elementor-type=\"wp-post\" data-elementor-id=\"1499\" class=\"elementor elementor-1499\">\n\t\t\t\t<div class=\"elementor-element elementor-element-09e4f30 e-flex e-con-boxed e-con e-parent\" data-id=\"09e4f30\" data-element_type=\"container\" data-settings=\"{&quot;background_background&quot;:&quot;classic&quot;}\">\n\t\t\t\t\t<div class=\"e-con-inner\">\n\t\t<div class=\"elementor-element elementor-element-e82164a e-con-full e-flex e-con e-child\" data-id=\"e82164a\" data-element_type=\"container\">\n\t\t\t\t<div class=\"elementor-element elementor-element-1abf55f elementor-widget elementor-widget-heading\" data-id=\"1abf55f\" data-element_type=\"widget\" data-widget_type=\"heading.default\">\n\t\t\t\t<div class=\"elementor-widget-container\">\n\t\t\t<h6 class=\"elementor-heading-title elementor-size-default\">Na\u0161e slu\u017eby<\/h6>\t\t<\/div>\n\t\t\t\t<\/div>\n\t\t\t\t<div class=\"elementor-element elementor-element-78cf751 elementor-widget elementor-widget-heading\" data-id=\"78cf751\" data-element_type=\"widget\" data-widget_type=\"heading.default\">\n\t\t\t\t<div class=\"elementor-widget-container\">\n\t\t\t<h1 class=\"elementor-heading-title elementor-size-default\">Zpracov\u00e1n\u00ed mezd <br>a personalistika<br> v&nbsp;Chomutov\u011b a okol\u00ed<\/h1>\t\t<\/div>\n\t\t\t\t<\/div>\n\t\t\t\t<\/div>\n\t\t\t\t\t<\/div>\n\t\t\t\t<\/div>\n\t\t<div class=\"elementor-element elementor-element-27dec6e e-flex e-con-boxed e-con e-parent\" data-id=\"27dec6e\" data-element_type=\"container\" data-settings=\"{&quot;background_background&quot;:&quot;classic&quot;}\">\n\t\t\t\t\t<div class=\"e-con-inner\">\n\t\t\t\t<div class=\"elementor-element elementor-element-f704414 elementor-widget elementor-widget-heading\" data-id=\"f704414\" data-element_type=\"widget\" data-widget_type=\"heading.default\">\n\t\t\t\t<div class=\"elementor-widget-container\">\n\t\t\t<h6 class=\"elementor-heading-title elementor-size-default\">Komplexn\u00ed p\u00e9\u010de o mzdy a personalistiku<\/h6>\t\t<\/div>\n\t\t\t\t<\/div>\n\t\t\t\t<div class=\"elementor-element elementor-element-e1d9a60 elementor-widget elementor-widget-text-editor\" data-id=\"e1d9a60\" data-element_type=\"widget\" data-widget_type=\"text-editor.default\">\n\t\t\t\t<div class=\"elementor-widget-container\">\n\t\t\t\t\t\t\t<p>Spr\u00e1vn\u00e9 <strong>zpracov\u00e1n\u00ed mezd<\/strong> a <strong>veden\u00ed personalistiky<\/strong> je z\u00e1kladem hladk\u00e9ho fungov\u00e1n\u00ed ka\u017ed\u00e9 firmy. Na\u0161e \u00fa\u010detn\u00ed slu\u017eby v&nbsp;Chomutov\u011b zahrnuj\u00ed <strong>kompletn\u00ed p\u00e9\u010di o mzdy a personalistiku<\/strong>, abyste se mohli pln\u011b soust\u0159edit na sv\u016fj byznys. S&nbsp;n\u00e1mi m\u00e1te jistotu, \u017ee v\u0161echny procesy jsou p\u0159esn\u00e9, v&nbsp;souladu s&nbsp;aktu\u00e1ln\u00ed legislativou a bez zbyte\u010dn\u00fdch starost\u00ed.<\/p><p>Zaji\u0161\u0165ujeme v\u0161e od <strong>p\u0159\u00edpravy pracovn\u00edch smluv<\/strong> a <strong>v\u00fdpo\u010dtu mezd<\/strong> a\u017e po <strong>veden\u00ed mzdov\u00fdch list\u016f<\/strong> a <strong>ro\u010dn\u00ed vy\u00fa\u010dtov\u00e1n\u00ed dan\u00ed<\/strong>. Postar\u00e1me se tak\u00e9 o <strong>komunikaci s&nbsp;\u00fa\u0159ady<\/strong>, <strong>p\u0159ihl\u00e1\u0161ky a odhl\u00e1\u0161ky zam\u011bstnanc\u016f na soci\u00e1ln\u00ed a zdravotn\u00ed poji\u0161t\u011bn\u00ed<\/strong> \u010di <strong>povinn\u00e9 v\u00fdkazy<\/strong>.<\/p><p>Pokud hled\u00e1te <strong>spolehliv\u00e9ho partnera pro mzdy a personalistiku<\/strong> v&nbsp;Chomutov\u011b a okol\u00ed, jsme tu pro v\u00e1s. <a href=\"https:\/\/zpracujdane.cz\/web\/#poptavka\">Kontaktujte<\/a> n\u00e1s a p\u0159esv\u011bd\u010dte se o kvalit\u011b na\u0161ich slu\u017eeb.<\/p>\t\t\t\t\t\t<\/div>\n\t\t\t\t<\/div>\n\t\t\t\t\t<\/div>\n\t\t\t\t<\/div>\n\t\t<div class=\"elementor-element elementor-element-7750483 e-flex e-con-boxed e-con e-parent\" data-id=\"7750483\" data-element_type=\"container\">\n\t\t\t\t\t<div class=\"e-con-inner\">\n\t\t<div class=\"elementor-element elementor-element-8b75471 e-con-full e-flex e-con e-child\" data-id=\"8b75471\" data-element_type=\"container\" data-settings=\"{&quot;background_background&quot;:&quot;classic&quot;}\">\n\t\t\t\t<div class=\"elementor-element elementor-element-729a3d1 elementor-widget elementor-widget-image\" data-id=\"729a3d1\" data-element_type=\"widget\" data-widget_type=\"image.default\">\n\t\t\t\t<div class=\"elementor-widget-container\">\n\t\t\t\t\t\t\t\t\t\t\t\t\t<img fetchpriority=\"high\" decoding=\"async\" width=\"640\" height=\"420\" src=\"https:\/\/zpracujdane.cz\/web\/wp-content\/uploads\/2024\/11\/mzdy.jpg\" class=\"attachment-full size-full wp-image-1225\" alt=\"\" srcset=\"https:\/\/zpracujdane.cz\/web\/wp-content\/uploads\/2024\/11\/mzdy.jpg 640w, https:\/\/zpracujdane.cz\/web\/wp-content\/uploads\/2024\/11\/mzdy-300x197.jpg 300w\" sizes=\"(max-width: 640px) 100vw, 640px\" \/>\t\t\t\t\t\t\t\t\t\t\t\t\t<\/div>\n\t\t\t\t<\/div>\n\t\t\t\t<\/div>\n\t\t<div class=\"elementor-element elementor-element-81d04ef e-con-full e-flex e-con e-child\" data-id=\"81d04ef\" data-element_type=\"container\">\n\t\t\t\t<div class=\"elementor-element elementor-element-2ea9ddb elementor-widget elementor-widget-heading\" data-id=\"2ea9ddb\" data-element_type=\"widget\" data-widget_type=\"heading.default\">\n\t\t\t\t<div class=\"elementor-widget-container\">\n\t\t\t<h3 class=\"elementor-heading-title elementor-size-default\">Mzdov\u00e1 agenda<\/h3>\t\t<\/div>\n\t\t\t\t<\/div>\n\t\t\t\t<div class=\"elementor-element elementor-element-f3b1155 elementor-widget elementor-widget-text-editor\" data-id=\"f3b1155\" data-element_type=\"widget\" data-widget_type=\"text-editor.default\">\n\t\t\t\t<div class=\"elementor-widget-container\">\n\t\t\t\t\t\t\t<ul><li>M\u011bs\u00ed\u010dn\u00ed zpracov\u00e1n\u00ed mezd na z\u00e1klad\u011b dodan\u00fdch podklad\u016f.<\/li><li>V\u00fdpo\u010det hrub\u00e9 a \u010dist\u00e9 mzdy, zhotoven\u00ed v\u00fdplatn\u00edch listin a p\u0159ehled\u016f.<\/li><li>Zas\u00edl\u00e1n\u00ed m\u011bs\u00ed\u010dn\u00edch v\u00fdkaz\u016f na OSSZ a zdravotn\u00ed poji\u0161\u0165ovny.<\/li><li>Evidence pracovn\u00edch neschopnost\u00ed zam\u011bstnanc\u016f.<\/li><li>Veden\u00ed mzdov\u00fdch list\u016f a eviden\u010dn\u00edch list\u016f d\u016fchodov\u00e9ho zabezpe\u010den\u00ed (ELDZ).<\/li><\/ul>\t\t\t\t\t\t<\/div>\n\t\t\t\t<\/div>\n\t\t\t\t<div class=\"elementor-element elementor-element-d7a5a24 elementor-widget elementor-widget-heading\" data-id=\"d7a5a24\" data-element_type=\"widget\" data-widget_type=\"heading.default\">\n\t\t\t\t<div class=\"elementor-widget-container\">\n\t\t\t<h3 class=\"elementor-heading-title elementor-size-default\">Personalistika<\/h3>\t\t<\/div>\n\t\t\t\t<\/div>\n\t\t\t\t<div class=\"elementor-element elementor-element-b7855b0 elementor-widget elementor-widget-text-editor\" data-id=\"b7855b0\" data-element_type=\"widget\" data-widget_type=\"text-editor.default\">\n\t\t\t\t<div class=\"elementor-widget-container\">\n\t\t\t\t\t\t\t<ul><li>Zpracov\u00e1n\u00ed pracovn\u00edch smluv, dohod o pracovn\u00ed \u010dinnosti a proveden\u00ed pr\u00e1ce.<\/li><li>P\u0159ihl\u00e1\u0161en\u00ed a odhl\u00e1\u0161en\u00ed zam\u011bstnanc\u016f na OSSZ a zdravotn\u00ed poji\u0161\u0165ovny.<\/li><li>Ukon\u010den\u00ed pracovn\u00edch pom\u011br\u016f, vystaven\u00ed z\u00e1po\u010dtov\u00fdch list\u016f a potvrzen\u00ed o zdaniteln\u00fdch p\u0159\u00edjmech.<\/li><li>\u00da\u010dast na kontrol\u00e1ch soci\u00e1ln\u00edho a zdravotn\u00edho poji\u0161t\u011bn\u00ed.<\/li><\/ul>\t\t\t\t\t\t<\/div>\n\t\t\t\t<\/div>\n\t\t\t\t<div class=\"elementor-element elementor-element-eed7d0b elementor-widget elementor-widget-heading\" data-id=\"eed7d0b\" data-element_type=\"widget\" data-widget_type=\"heading.default\">\n\t\t\t\t<div class=\"elementor-widget-container\">\n\t\t\t<h3 class=\"elementor-heading-title elementor-size-default\">Ro\u010dn\u00ed a \u010dtvrtletn\u00ed vy\u00fa\u010dtov\u00e1n\u00ed<\/h3>\t\t<\/div>\n\t\t\t\t<\/div>\n\t\t\t\t<div class=\"elementor-element elementor-element-eb54cc6 elementor-widget elementor-widget-text-editor\" data-id=\"eb54cc6\" data-element_type=\"widget\" data-widget_type=\"text-editor.default\">\n\t\t\t\t<div class=\"elementor-widget-container\">\n\t\t\t\t\t\t\t<ul><li>Ro\u010dn\u00ed vy\u00fa\u010dtov\u00e1n\u00ed dan\u00ed za z\u00e1vislou \u010dinnost a sr\u00e1\u017ekov\u00e9 dan\u011b pro zam\u011bstnavatele.<\/li><li>\u010ctvrtletn\u00ed v\u00fdpo\u010det pojistn\u00e9ho na z\u00e1konn\u00e9 poji\u0161t\u011bn\u00ed odpov\u011bdnosti zam\u011bstnavatele.<\/li><li>Povinn\u00e9 pod\u00e1n\u00ed tiskopis\u016f a formul\u00e1\u0159\u016f p\u0159es datovou schr\u00e1nku.<\/li><\/ul>\t\t\t\t\t\t<\/div>\n\t\t\t\t<\/div>\n\t\t\t\t<\/div>\n\t\t\t\t\t<\/div>\n\t\t\t\t<\/div>\n\t\t<div class=\"elementor-element elementor-element-3e1d37d e-flex e-con-boxed e-con e-parent\" data-id=\"3e1d37d\" data-element_type=\"container\" data-settings=\"{&quot;background_background&quot;:&quot;classic&quot;}\">\n\t\t\t\t\t<div class=\"e-con-inner\">\n\t\t<div class=\"elementor-element elementor-element-8f0f9fc e-con-full e-flex e-con e-child\" data-id=\"8f0f9fc\" data-element_type=\"container\">\n\t\t\t\t<div class=\"elementor-element elementor-element-844f8a6 elementor-widget elementor-widget-heading\" data-id=\"844f8a6\" data-element_type=\"widget\" data-widget_type=\"heading.default\">\n\t\t\t\t<div class=\"elementor-widget-container\">\n\t\t\t<h6 class=\"elementor-heading-title elementor-size-default\">Nez\u00e1vazn\u00e1 popt\u00e1vka<\/h6>\t\t<\/div>\n\t\t\t\t<\/div>\n\t\t\t\t<div class=\"elementor-element elementor-element-98abab2 elementor-widget elementor-widget-heading\" data-id=\"98abab2\" data-element_type=\"widget\" data-widget_type=\"heading.default\">\n\t\t\t\t<div class=\"elementor-widget-container\">\n\t\t\t<h2 class=\"elementor-heading-title elementor-size-default\">M\u00e1te z\u00e1jem o profesion\u00e1ln\u00ed zpracov\u00e1n\u00ed mezd<br> a personalistiku?<\/h2>\t\t<\/div>\n\t\t\t\t<\/div>\n\t\t\t\t<div class=\"elementor-element elementor-element-e4041df elementor-widget elementor-widget-text-editor\" data-id=\"e4041df\" data-element_type=\"widget\" data-widget_type=\"text-editor.default\">\n\t\t\t\t<div class=\"elementor-widget-container\">\n\t\t\t\t\t\t\t<p>Nev\u00e1hejte a kontaktujte n\u00e1s je\u0161t\u011b dnes. R\u00e1di v\u00e1m pom\u016f\u017eeme, abyste se mohli soust\u0159edit na sv\u00e9 podnik\u00e1n\u00ed.<\/p>\t\t\t\t\t\t<\/div>\n\t\t\t\t<\/div>\n\t\t\t\t<div class=\"elementor-element elementor-element-14832cd elementor-align-center elementor-mobile-align-center elementor-widget elementor-widget-button\" data-id=\"14832cd\" data-element_type=\"widget\" data-widget_type=\"button.default\">\n\t\t\t\t<div class=\"elementor-widget-container\">\n\t\t\t\t\t\t\t<div class=\"elementor-button-wrapper\">\n\t\t\t\t\t<a class=\"elementor-button elementor-button-link elementor-size-md\" href=\"https:\/\/zpracujdane.cz\/web\/#poptavka\">\n\t\t\t\t\t\t<span class=\"elementor-button-content-wrapper\">\n\t\t\t\t\t\t\t\t\t<span class=\"elementor-button-text\">Poptat<\/span>\n\t\t\t\t\t<\/span>\n\t\t\t\t\t<\/a>\n\t\t\t\t<\/div>\n\t\t\t\t\t\t<\/div>\n\t\t\t\t<\/div>\n\t\t\t\t<\/div>\n\t\t\t\t\t<\/div>\n\t\t\t\t<\/div>\n\t\t\t\t<\/div>\n\t\t","protected":false},"excerpt":{"rendered":"<p>Na\u0161e slu\u017eby Zpracov\u00e1n\u00ed mezd a personalistika v&nbsp;Chomutov\u011b a okol\u00ed Komplexn\u00ed p\u00e9\u010de o mzdy a personalistiku Spr\u00e1vn\u00e9 zpracov\u00e1n\u00ed mezd a veden\u00ed personalistiky je z\u00e1kladem hladk\u00e9ho fungov\u00e1n\u00ed ka\u017ed\u00e9 firmy. Na\u0161e \u00fa\u010detn\u00ed slu\u017eby v&nbsp;Chomutov\u011b zahrnuj\u00ed kompletn\u00ed p\u00e9\u010di o mzdy a personalistiku, abyste se mohli pln\u011b soust\u0159edit na sv\u016fj byznys. S&nbsp;n\u00e1mi m\u00e1te jistotu, \u017ee v\u0161echny procesy jsou p\u0159esn\u00e9, v&nbsp;souladu [&hellip;]<\/p>\n","protected":false},"author":1,"featured_media":0,"parent":0,"menu_order":0,"comment_status":"closed","ping_status":"closed","template":"","meta":{"site-sidebar-layout":"default","site-content-layout":"page-builder","ast-site-content-layout":"","site-content-style":"default","site-sidebar-style":"default","ast-global-header-display":"","ast-banner-title-visibility":"","ast-main-header-display":"","ast-hfb-above-header-display":"","ast-hfb-below-header-display":"","ast-hfb-mobile-header-display":"","site-post-title":"disabled","ast-breadcrumbs-content":"","ast-featured-img":"disabled","footer-sml-layout":"","theme-transparent-header-meta":"enabled","adv-header-id-meta":"","stick-header-meta":"","header-above-stick-meta":"","header-main-stick-meta":"","header-below-stick-meta":"","astra-migrate-meta-layouts":"default","ast-page-background-enabled":"default","ast-page-background-meta":{"desktop":{"background-color":"","background-image":"","background-repeat":"repeat","background-position":"center center","background-size":"auto","background-attachment":"scroll","background-type":"","background-media":"","overlay-type":"","overlay-color":"","overlay-opacity":"","overlay-gradient":""},"tablet":{"background-color":"","background-image":"","background-repeat":"repeat","background-position":"center center","background-size":"auto","background-attachment":"scroll","background-type":"","background-media":"","overlay-type":"","overlay-color":"","overlay-opacity":"","overlay-gradient":""},"mobile":{"background-color":"","background-image":"","background-repeat":"repeat","background-position":"center center","background-size":"auto","background-attachment":"scroll","background-type":"","background-media":"","overlay-type":"","overlay-color":"","overlay-opacity":"","overlay-gradient":""}},"ast-content-background-meta":{"desktop":{"background-color":"var(--ast-global-color-5)","background-image":"","background-repeat":"repeat","background-position":"center center","background-size":"auto","background-attachment":"scroll","background-type":"","background-media":"","overlay-type":"","overlay-color":"","overlay-opacity":"","overlay-gradient":""},"tablet":{"background-color":"var(--ast-global-color-5)","background-image":"","background-repeat":"repeat","background-position":"center center","background-size":"auto","background-attachment":"scroll","background-type":"","background-media":"","overlay-type":"","overlay-color":"","overlay-opacity":"","overlay-gradient":""},"mobile":{"background-color":"var(--ast-global-color-5)","background-image":"","background-repeat":"repeat","background-position":"center center","background-size":"auto","background-attachment":"scroll","background-type":"","background-media":"","overlay-type":"","overlay-color":"","overlay-opacity":"","overlay-gradient":""}},"footnotes":""},"class_list":["post-1499","page","type-page","status-publish","hentry"],"yoast_head":"<!-- This site is optimized with the Yoast SEO plugin v25.2 - https:\/\/yoast.com\/wordpress\/plugins\/seo\/ -->\n<title>Zpracov\u00e1n\u00ed mezd a personalistika v Chomutov\u011b - Zpracujdan\u011b.cz<\/title>\n<meta name=\"robots\" content=\"index, follow, max-snippet:-1, max-image-preview:large, max-video-preview:-1\" \/>\n<link rel=\"canonical\" href=\"https:\/\/zpracujdane.cz\/web\/zpracovani-mezd-a-personalistika-v-chomutove\/\" \/>\n<meta property=\"og:locale\" content=\"cs_CZ\" \/>\n<meta property=\"og:type\" content=\"article\" \/>\n<meta property=\"og:title\" content=\"Zpracov\u00e1n\u00ed mezd a personalistika v Chomutov\u011b - Zpracujdan\u011b.cz\" \/>\n<meta property=\"og:description\" content=\"Na\u0161e slu\u017eby Zpracov\u00e1n\u00ed mezd a personalistika v&nbsp;Chomutov\u011b a okol\u00ed Komplexn\u00ed p\u00e9\u010de o mzdy a personalistiku Spr\u00e1vn\u00e9 zpracov\u00e1n\u00ed mezd a veden\u00ed personalistiky je z\u00e1kladem hladk\u00e9ho fungov\u00e1n\u00ed ka\u017ed\u00e9 firmy. Na\u0161e \u00fa\u010detn\u00ed slu\u017eby v&nbsp;Chomutov\u011b zahrnuj\u00ed kompletn\u00ed p\u00e9\u010di o mzdy a personalistiku, abyste se mohli pln\u011b soust\u0159edit na sv\u016fj byznys. S&nbsp;n\u00e1mi m\u00e1te jistotu, \u017ee v\u0161echny procesy jsou p\u0159esn\u00e9, v&nbsp;souladu [&hellip;]\" \/>\n<meta property=\"og:url\" content=\"https:\/\/zpracujdane.cz\/web\/zpracovani-mezd-a-personalistika-v-chomutove\/\" \/>\n<meta property=\"og:site_name\" content=\"Zpracujdan\u011b.cz\" \/>\n<meta property=\"article:modified_time\" content=\"2024-11-29T21:03:17+00:00\" \/>\n<meta property=\"og:image\" content=\"https:\/\/zpracujdane.cz\/web\/wp-content\/uploads\/2024\/11\/mzdy.jpg\" \/>\n\t<meta property=\"og:image:width\" content=\"640\" \/>\n\t<meta property=\"og:image:height\" content=\"420\" \/>\n\t<meta property=\"og:image:type\" content=\"image\/jpeg\" \/>\n<meta name=\"twitter:card\" content=\"summary_large_image\" \/>\n<meta name=\"twitter:label1\" content=\"Odhadovan\u00e1 doba \u010dten\u00ed\" \/>\n\t<meta name=\"twitter:data1\" content=\"2 minuty\" \/>\n<script type=\"application\/ld+json\" class=\"yoast-schema-graph\">{\"@context\":\"https:\/\/schema.org\",\"@graph\":[{\"@type\":\"WebPage\",\"@id\":\"https:\/\/zpracujdane.cz\/web\/zpracovani-mezd-a-personalistika-v-chomutove\/\",\"url\":\"https:\/\/zpracujdane.cz\/web\/zpracovani-mezd-a-personalistika-v-chomutove\/\",\"name\":\"Zpracov\u00e1n\u00ed mezd a personalistika v Chomutov\u011b - Zpracujdan\u011b.cz\",\"isPartOf\":{\"@id\":\"https:\/\/zpracujdane.cz\/web\/#website\"},\"primaryImageOfPage\":{\"@id\":\"https:\/\/zpracujdane.cz\/web\/zpracovani-mezd-a-personalistika-v-chomutove\/#primaryimage\"},\"image\":{\"@id\":\"https:\/\/zpracujdane.cz\/web\/zpracovani-mezd-a-personalistika-v-chomutove\/#primaryimage\"},\"thumbnailUrl\":\"https:\/\/zpracujdane.cz\/web\/wp-content\/uploads\/2024\/11\/mzdy.jpg\",\"datePublished\":\"2024-11-29T20:10:30+00:00\",\"dateModified\":\"2024-11-29T21:03:17+00:00\",\"breadcrumb\":{\"@id\":\"https:\/\/zpracujdane.cz\/web\/zpracovani-mezd-a-personalistika-v-chomutove\/#breadcrumb\"},\"inLanguage\":\"cs\",\"potentialAction\":[{\"@type\":\"ReadAction\",\"target\":[\"https:\/\/zpracujdane.cz\/web\/zpracovani-mezd-a-personalistika-v-chomutove\/\"]}]},{\"@type\":\"ImageObject\",\"inLanguage\":\"cs\",\"@id\":\"https:\/\/zpracujdane.cz\/web\/zpracovani-mezd-a-personalistika-v-chomutove\/#primaryimage\",\"url\":\"https:\/\/zpracujdane.cz\/web\/wp-content\/uploads\/2024\/11\/mzdy.jpg\",\"contentUrl\":\"https:\/\/zpracujdane.cz\/web\/wp-content\/uploads\/2024\/11\/mzdy.jpg\",\"width\":640,\"height\":420},{\"@type\":\"BreadcrumbList\",\"@id\":\"https:\/\/zpracujdane.cz\/web\/zpracovani-mezd-a-personalistika-v-chomutove\/#breadcrumb\",\"itemListElement\":[{\"@type\":\"ListItem\",\"position\":1,\"name\":\"Dom\u016f\",\"item\":\"https:\/\/zpracujdane.cz\/web\/\"},{\"@type\":\"ListItem\",\"position\":2,\"name\":\"Zpracov\u00e1n\u00ed mezd a personalistika v Chomutov\u011b\"}]},{\"@type\":\"WebSite\",\"@id\":\"https:\/\/zpracujdane.cz\/web\/#website\",\"url\":\"https:\/\/zpracujdane.cz\/web\/\",\"name\":\"Zpracujdan\u011b.cz\",\"description\":\"\",\"publisher\":{\"@id\":\"https:\/\/zpracujdane.cz\/web\/#organization\"},\"potentialAction\":[{\"@type\":\"SearchAction\",\"target\":{\"@type\":\"EntryPoint\",\"urlTemplate\":\"https:\/\/zpracujdane.cz\/web\/?s={search_term_string}\"},\"query-input\":{\"@type\":\"PropertyValueSpecification\",\"valueRequired\":true,\"valueName\":\"search_term_string\"}}],\"inLanguage\":\"cs\"},{\"@type\":\"Organization\",\"@id\":\"https:\/\/zpracujdane.cz\/web\/#organization\",\"name\":\"Zpracujdan\u011b.cz\",\"url\":\"https:\/\/zpracujdane.cz\/web\/\",\"logo\":{\"@type\":\"ImageObject\",\"inLanguage\":\"cs\",\"@id\":\"https:\/\/zpracujdane.cz\/web\/#\/schema\/logo\/image\/\",\"url\":\"https:\/\/zpracujdane.cz\/web\/wp-content\/uploads\/2024\/11\/logozd-web-bile.png\",\"contentUrl\":\"https:\/\/zpracujdane.cz\/web\/wp-content\/uploads\/2024\/11\/logozd-web-bile.png\",\"width\":1360,\"height\":253,\"caption\":\"Zpracujdan\u011b.cz\"},\"image\":{\"@id\":\"https:\/\/zpracujdane.cz\/web\/#\/schema\/logo\/image\/\"}}]}<\/script>\n<!-- \/ Yoast SEO plugin. -->","yoast_head_json":{"title":"Zpracov\u00e1n\u00ed mezd a personalistika v Chomutov\u011b - Zpracujdan\u011b.cz","robots":{"index":"index","follow":"follow","max-snippet":"max-snippet:-1","max-image-preview":"max-image-preview:large","max-video-preview":"max-video-preview:-1"},"canonical":"https:\/\/zpracujdane.cz\/web\/zpracovani-mezd-a-personalistika-v-chomutove\/","og_locale":"cs_CZ","og_type":"article","og_title":"Zpracov\u00e1n\u00ed mezd a personalistika v Chomutov\u011b - Zpracujdan\u011b.cz","og_description":"Na\u0161e slu\u017eby Zpracov\u00e1n\u00ed mezd a personalistika v&nbsp;Chomutov\u011b a okol\u00ed Komplexn\u00ed p\u00e9\u010de o mzdy a personalistiku Spr\u00e1vn\u00e9 zpracov\u00e1n\u00ed mezd a veden\u00ed personalistiky je z\u00e1kladem hladk\u00e9ho fungov\u00e1n\u00ed ka\u017ed\u00e9 firmy. Na\u0161e \u00fa\u010detn\u00ed slu\u017eby v&nbsp;Chomutov\u011b zahrnuj\u00ed kompletn\u00ed p\u00e9\u010di o mzdy a personalistiku, abyste se mohli pln\u011b soust\u0159edit na sv\u016fj byznys. S&nbsp;n\u00e1mi m\u00e1te jistotu, \u017ee v\u0161echny procesy jsou p\u0159esn\u00e9, v&nbsp;souladu [&hellip;]","og_url":"https:\/\/zpracujdane.cz\/web\/zpracovani-mezd-a-personalistika-v-chomutove\/","og_site_name":"Zpracujdan\u011b.cz","article_modified_time":"2024-11-29T21:03:17+00:00","og_image":[{"width":640,"height":420,"url":"https:\/\/zpracujdane.cz\/web\/wp-content\/uploads\/2024\/11\/mzdy.jpg","type":"image\/jpeg"}],"twitter_card":"summary_large_image","twitter_misc":{"Odhadovan\u00e1 doba \u010dten\u00ed":"2 minuty"},"schema":{"@context":"https:\/\/schema.org","@graph":[{"@type":"WebPage","@id":"https:\/\/zpracujdane.cz\/web\/zpracovani-mezd-a-personalistika-v-chomutove\/","url":"https:\/\/zpracujdane.cz\/web\/zpracovani-mezd-a-personalistika-v-chomutove\/","name":"Zpracov\u00e1n\u00ed mezd a personalistika v Chomutov\u011b - Zpracujdan\u011b.cz","isPartOf":{"@id":"https:\/\/zpracujdane.cz\/web\/#website"},"primaryImageOfPage":{"@id":"https:\/\/zpracujdane.cz\/web\/zpracovani-mezd-a-personalistika-v-chomutove\/#primaryimage"},"image":{"@id":"https:\/\/zpracujdane.cz\/web\/zpracovani-mezd-a-personalistika-v-chomutove\/#primaryimage"},"thumbnailUrl":"https:\/\/zpracujdane.cz\/web\/wp-content\/uploads\/2024\/11\/mzdy.jpg","datePublished":"2024-11-29T20:10:30+00:00","dateModified":"2024-11-29T21:03:17+00:00","breadcrumb":{"@id":"https:\/\/zpracujdane.cz\/web\/zpracovani-mezd-a-personalistika-v-chomutove\/#breadcrumb"},"inLanguage":"cs","potentialAction":[{"@type":"ReadAction","target":["https:\/\/zpracujdane.cz\/web\/zpracovani-mezd-a-personalistika-v-chomutove\/"]}]},{"@type":"ImageObject","inLanguage":"cs","@id":"https:\/\/zpracujdane.cz\/web\/zpracovani-mezd-a-personalistika-v-chomutove\/#primaryimage","url":"https:\/\/zpracujdane.cz\/web\/wp-content\/uploads\/2024\/11\/mzdy.jpg","contentUrl":"https:\/\/zpracujdane.cz\/web\/wp-content\/uploads\/2024\/11\/mzdy.jpg","width":640,"height":420},{"@type":"BreadcrumbList","@id":"https:\/\/zpracujdane.cz\/web\/zpracovani-mezd-a-personalistika-v-chomutove\/#breadcrumb","itemListElement":[{"@type":"ListItem","position":1,"name":"Dom\u016f","item":"https:\/\/zpracujdane.cz\/web\/"},{"@type":"ListItem","position":2,"name":"Zpracov\u00e1n\u00ed mezd a personalistika v Chomutov\u011b"}]},{"@type":"WebSite","@id":"https:\/\/zpracujdane.cz\/web\/#website","url":"https:\/\/zpracujdane.cz\/web\/","name":"Zpracujdan\u011b.cz","description":"","publisher":{"@id":"https:\/\/zpracujdane.cz\/web\/#organization"},"potentialAction":[{"@type":"SearchAction","target":{"@type":"EntryPoint","urlTemplate":"https:\/\/zpracujdane.cz\/web\/?s={search_term_string}"},"query-input":{"@type":"PropertyValueSpecification","valueRequired":true,"valueName":"search_term_string"}}],"inLanguage":"cs"},{"@type":"Organization","@id":"https:\/\/zpracujdane.cz\/web\/#organization","name":"Zpracujdan\u011b.cz","url":"https:\/\/zpracujdane.cz\/web\/","logo":{"@type":"ImageObject","inLanguage":"cs","@id":"https:\/\/zpracujdane.cz\/web\/#\/schema\/logo\/image\/","url":"https:\/\/zpracujdane.cz\/web\/wp-content\/uploads\/2024\/11\/logozd-web-bile.png","contentUrl":"https:\/\/zpracujdane.cz\/web\/wp-content\/uploads\/2024\/11\/logozd-web-bile.png","width":1360,"height":253,"caption":"Zpracujdan\u011b.cz"},"image":{"@id":"https:\/\/zpracujdane.cz\/web\/#\/schema\/logo\/image\/"}}]}},"_links":{"self":[{"href":"https:\/\/zpracujdane.cz\/web\/wp-json\/wp\/v2\/pages\/1499","targetHints":{"allow":["GET"]}}],"collection":[{"href":"https:\/\/zpracujdane.cz\/web\/wp-json\/wp\/v2\/pages"}],"about":[{"href":"https:\/\/zpracujdane.cz\/web\/wp-json\/wp\/v2\/types\/page"}],"author":[{"embeddable":true,"href":"https:\/\/zpracujdane.cz\/web\/wp-json\/wp\/v2\/users\/1"}],"replies":[{"embeddable":true,"href":"https:\/\/zpracujdane.cz\/web\/wp-json\/wp\/v2\/comments?post=1499"}],"version-history":[{"count":19,"href":"https:\/\/zpracujdane.cz\/web\/wp-json\/wp\/v2\/pages\/1499\/revisions"}],"predecessor-version":[{"id":1541,"href":"https:\/\/zpracujdane.cz\/web\/wp-json\/wp\/v2\/pages\/1499\/revisions\/1541"}],"wp:attachment":[{"href":"https:\/\/zpracujdane.cz\/web\/wp-json\/wp\/v2\/media?parent=1499"}],"curies":[{"name":"wp","href":"https:\/\/api.w.org\/{rel}","templated":true}]}}